(j) = j**3 - 14*j**2 + 8*j + 196. What is a(12)?
4
Let m(v) = -v**2 + 3*v + 18. Give m(9).
-36
Let v(o) = 41*o**3 - o**2 - o. What is v(-1)?
-41
Let v(z) = 5*z. What is v(-1)?
-5
Let q(w) = 2*w**3 - w**2 - 3*w + 7. Give q(4).
107
Let s(j) = 3*j + 49. Determine s(-22).
-17
Let x(m) = -2*m**2 + 8*m - 8. Give x(5).
-18
Let n(v) = -2*v**2 - 2*v + 2. Give n(-3).
-10
Let p(q) = -2*q**3 + 57*q**2 - 27*q - 34. Determine p(28).
-6
Let u(f) = f**2 - 12*f + 6. What is u(-6)?
114
Let n(h) = 2*h**2 + 12*h - 20. Give n(-7).
-6
Let f(a) = 2*a**2 - 18*a + 5. What is f(9)?
5
Let h(g) = g**3 + 32*g**2 + 29*g - 67. Calculate h(-31).
-5
Let p(f) = f**2 - 19*f - 169. What is p(-7)?
13
Let z(p) = p**3 + 18*p**2 - 13*p - 22. What is z(-18)?
212
Let b(v) = 4*v - 1. Calculate b(1).
3
Let c(h) = -h**3 + 4*h**2 + 3*h + 2. Determine c(5).
-8
Let l(u) = -u**3 + 10*u**2 - 21*u + 21. Calculate l(8).
-19
Let j(b) = 60*b - 1077. Give j(18).
3
Let r(m) = m**2 - 6*m - 2. What is r(-6)?
70
Let l(o) = -18*o + 650. Determine l(36).
2
Let l(c) = c**2 - c - 1. Calculate l(4).
11
Let r(w) = -w**2 - 7. Determine r(-6).
-43
Let m(t) = 7*t**2 - 237*t - 25. Calculate m(34).
9
Let y(g) = -17*g - 334. What is y(-19)?
-11
Let h(m) = m**2 - 5*m - 13. Determine h(7).
1
Let x(j) = j**3 + 5*j**2 - 17. Calculate x(-4).
-1
Let t(m) = m - 3. Give t(2).
-1
Let a(g) = -g**2 - 7*g + 7. What is a(-5)?
17
Let d(j) = 5*j - 27. Calculate d(11).
28
Let s(l) = l + 3. What is s(0)?
3
Let y(w) = 12*w + 180. Determine y(-16).
-12
Let k(t) = -2*t**3 + 3*t**2 + 18*t - 38. Give k(2).
-6
Let m(b) = -20*b - 91. Determine m(-6).
29
Let u(v) = -3*v - 85. Calculate u(-26).
-7
Let o(q) = -q**3 + 7*q**2 - 4*q - 11. Determine o(6).
1
Let h(z) = 4*z**2 - 4*z + 5. What is h(3)?
29
Let z(n) = 3*n**2 + 74*n + 30. Determine z(-24).
-18
Let o(g) = -g**3 + 3*g**2 + g + 3. Determine o(3).
6
Let s(w) = -6*w + 11. Give s(-5).
41
Let m(v) = -2*v**2 - 8*v - 7. Give m(-5).
-17
Let j(l) = -l**2 - 6*l - 25. Determine j(-13).
-116
Let i(r) = -4*r**2 - 2*r. Give i(2).
-20
Let c(y) = -y**3 + 6*y**2 - 3*y - 4. Determine c(4).
16
Let m(w) = -w + 3. What is m(13)?
-10
Let w(v) = -16*v - 17. Calculate w(-1).
-1
Let f(m) = -14*m - 73. What is f(-7)?
25
Let h(a) = a**3 + 6*a**2 + 6*a + 8. Calculate h(-4).
16
Let x(d) = d**3 - 20*d**2 + 37*d + 11. Determine x(18).
29
Let n(m) = 69*m - 61. Give n(1).
8
Let w(a) = 9*a**2 + 191*a + 31. Determine w(-21).
-11
Let l(y) = -6*y - 18. Calculate l(-6).
18
Let d(z) = -z**3 - 22*z**2 + 45*z - 41. Give d(-24).
31
Let f(i) = -i**3 + 3*i - 17. Calculate f(4).
-69
Let v(i) = 4*i - 3. Calculate v(5).
17
Let n(g) = -g**2 - 16*g + 24. Give n(-9).
87
Let u(s) = 23*s. Determine u(1).
23
Let i(n) = n**3 - 11*n**2 + 9*n - 14. Determine i(10).
-24
Let f(c) = 4*c - 52. Give f(12).
-4
Let q(w) = -4*w + 14. Give q(5).
-6
Let v(s) = s - 8. Give v(2).
-6
Let w(m) = -m - 7. What is w(-9)?
2
Let q(u) = -32*u + 144. What is q(5)?
-16
Let y(m) = -10*m**2 + 8*m - 3. Determine y(1).
-5
Let a(k) = 2*k**2 + 2*k - 155. Give a(8).
-11
Let g(w) = 11*w - 39. Give g(7).
38
Let y(h) = -3*h - 125. Calculate y(-12).
-89
Let f(a) = a**2 + 15*a + 19. Determine f(-13).
-7
Let z(t) = -t**2 - 5*t + 3. Calculate z(-7).
-11
Let l(g) = g**3 - 8*g**2 - g - 1. Determine l(8).
-9
Let q(y) = -y**2 + 20*y - 23. Give q(19).
-4
Let z(q) = q**2 + 12*q - 9. Calculate z(-10).
-29
Let z(q) = 4*q**3 + q**2 - 2*q + 1. Determine z(-2).
-23
Let s(l) = -l - 11. Determine s(11).
-22
Let a(h) = 8*h - 5. Give a(2).
11
Let j(p) = -2*p + 23. Calculate j(15).
-7
Let d(p) = -p**2 - 14*p - 28. Give d(-12).
-4
Let c(o) = -23*o - 5. Determine c(-3).
64
Let v(p) = -14*p + 1. What is v(-2)?
29
Let q(a) = 16*a - 6. Give q(0).
-6
Let o(u) = -u**2 + 4*u + 12. What is o(-6)?
-48
Let s(a) = 16*a**2 - 9*a + 1. Calculate s(2).
47
Let m(n) = 3*n**3 - 14*n**2 + 3*n + 12. Calculate m(4).
-8
Let n(o) = -o**3 + 2*o**2 + o + 3. Determine n(0).
3
Let k(w) = -16*w**2 + 4*w - 3. Calculate k(2).
-59
Let r(m) = 8*m + 7. What is r(1)?
15
Let h(l) = -l**3 + 26*l**2 - 72*l + 75. Calculate h(23).
6
Let u(m) = m**3 - 8*m**2 + 8*m + 28. What is u(6)?
4
Let p(y) = -y**3 - 15*y**2 - 20*y. Give p(-14).
84
Let m(y) = y**2 + y + 5. Give m(5).
35
Let l(c) = c**3 + 10*c**2 - 14*c - 31. What is l(-11)?
2
Let k(i) = -i**3 - 8*i**2 + 10*i - 3. Calculate k(-9).
-12
Let g(t) = t**2 + 7*t - 4. Calculate g(-8).
4
Let q(h) = -3*h + 3. Calculate q(4).
-9
Let o(n) = 2*n**3 - 2*n**2 + 2*n - 1. Calculate o(1).
1
Let v(q) = 2*q**2 - 2*q - 6. Calculate v(3).
6
Let x(j) = -j**3 - 10*j**2 + 13*j + 16. Determine x(-11).
-6
Let r(j) = -j**2 - 18*j - 12. What is r(-18)?
-12
Let l(p) = -p**2 - 21*p - 98. What is l(-10)?
12
Let i(r) = -r**3 + 2*r**2 + 2*r + 1. Calculate i(2).
5
Let x(t) = t**3 + 8*t**2 - 11*t - 13. What is x(-9)?
5
Let n(y) = -y**3 + y**2 + 11*y + 4. Determine n(-3).
7
Let i(h) = -8*h**2 + 26*h - 7. Give i(3).
-1
Let x(a) = a. What is x(6)?
6
Let s(u) = u - 12. Determine s(5).
-7
Let y(w) = -w**3 + 16*w**2 + 10. Give y(16).
10
Let p(w) = 19*w**3 - w. Give p(-1).
-18
Let p(b) = -4*b**2 + 4*b - 13. Calculate p(4).
-61
Let r(n) = -n**3 - 12*n**2 - 21*n + 6. Determine r(-10).
16
Let u(c) = -2*c**2 - 6*c + 1. Give u(-2).
5
Let s(d) = -d**3 + 8*d**2 + 8*d + 1. What is s(9)?
-8
Let x(g) = -g**3 - 16*g**2 - 64*g - 14. Determine x(-7).
-7
Let d(k) = -2*k**3 + 13*k**2 - 8*k + 8. Give d(6).
-4
Let y(h) = -h**2 + 7*h - 1. Calculate y(8).
-9
Let l(a) = -3*a + 7. What is l(4)?
-5
Let v(c) = 22*c + 21. What is v(-7)?
-133
Let t(i) = 3*i**3 - i**2 + 2*i - 6. Give t(2).
18
Let d(j) = 12*j**3 + j**2 + 2. Calculate d(2).
102
Let m(w) = 14*w**3 - w**2 - w. Give m(-1).
-14
Let m(v) = v**3 + 18*v**2 - 22*v - 54. Calculate m(-19).
3
Let o(p) = -5*p**2 + 77*p + 9. Determine o(16).
-39
Let k(q) = -q**3 + 10*q**2 - 3*q - 60. Calculate k(9).
-6
Let x(h) = -h**3 + 16*h**2 + 20*h - 42. Determine x(17).
9
Let y(f) = -f**3 + 8*f**2 - 12. What is y(5)?
63
Let r(c) = c**2 - 8*c - 13. What is r(10)?
7
Let k(u) = -u**3 + 3*u**2 + 3*u - 7. Calculate k(3).
2
Let b(x) = -x**3 - 6*x**2 - 7*x - 4. Calculate b(-5).
6
Let z(t) = -3*t - 1. Give z(10).
-31
Let o(s) = -8*s - 5. Determine o(4).
-37
Let d(b) = -b**2 - b + 27. Calculate d(-6).
-3
Let n(z) = -18*z + 73. What is n(5)?
-17
Let b(g) = 2*g**2 - 22*g + 45. Give b(3).
-3
Let w(m) = -m**2 - 13*m - 46. Calculate w(-4).
-10
Let k(j) = -2*j**2 + 3*j + 2. Determine k(-4).
-42
Let q(b) = -2*b**2 - 25*b - 61. What is q(-3)?
-4
Let g(j) = 5*j + 3. Calculate g(-5).
-22
Let j(h) = -h**2 + 3*h - 2. Determine j(3).
-2
Let n(r) = 2*r + 11. Determine n(-7).
-3
Let y(d) = d**2 - 14*d + 26. Give y(9).
-19
Let l(a) = 3*a**2 + 5*a - 1. Determine l(-5).
49
Let j(i) = -8*i - 1. Determine j(3).
-25
Let q(t) = -8*t + 17. Calculate q(7).
-39
Let t(q) = 3*q**2 + 3*q - 3. What is t(-4)?
33
Let j(v) = 3*v**2 - 4*v + 4. What is j(7)?
123
Let r(m) = m**3 + 12*m**2 - 13*m - 2. Give r(-13).
-2
Let o(d) = -d - 2. What is o(-9)?
7
Let w(y) = -37*y + 19. Determine w(7).
-240
Let i(j) = -2*j**2 + 20*j + 21. What is i(11)?
-1
Let a(x) = -x**2 + 3*x + 2. Calculate a(7).
-26
Let p(d) = -d**3 - 11*d**2 - 3*d + 18. Determine p(-7).
-157
Let r(i) = -i**3 + 10*i**2 + 8*i - 15. Determine r(11).
-48
Let i(k) = 64*k - 901. Calculate i(14).
-5
Let h(i) = 4*i + 171. Calculate h(-37).
23
Let c(u) = 3*u + 31. Determine c(-7).
10
Let a(h) = -h**3 + 13*h**2 - 16*h + 10. What is a(12)?
-38
Let u(m) = m**2 - 4*m + 4. What is u(7)?
25
Let n(f) = -31*f**3. Give n(-1).
31
Let p(m) = m**3 - 83*m**2 + 83*m - 87. Give p(82).
-5
Let u(a) = a**2 + 7*a + 4. Calculate u(-5).
-6
Let y(r) = r**3 + r**2 - r + 15. Determine y(0).
15
Let g(y) = -5*y**3 - 4*y**2 + 2*y + 2. What is g(1)?
-5
Let w(i) = 2*i**3 - 8*i**2 + 4*i + 1. Calculate w(3).
-5
Let f(y) = 4*y + 35. Calculate f(-11).
-9
Let s(j) = -j**2 - 7*j - 11. What is s(-8)?
-19
Let s(x) = 2*x + 18. Give s(-9).
0
Let i(v) = 2*v**2 + 11*v + 5. Give i(-8).
45
Let i(y) = 3*y**2 + 4*y. What is i(-3)?
15
Let z(y) = -y**3 + 5*y**2 + 5*y - 30. Calculate z(5).
-5
Let x(o) = -36*o + 17. What is x(0)?
17
Let m(z) = 13*z**2 - 22*z - 11. Calculate m(2).
-3
Let r(u) = -3*u**2 + 74*u + 29. Determine r(25).
4
Let q(m) = m - 50. What is q(0)?
-50
Let d(r) = -6*r + 6. Calculate d(2).
-6
Let l(o) = -o**3 - 6*o**2 + 4. C